{"id":155,"date":"2023-04-11T18:24:57","date_gmt":"2023-04-11T22:24:57","guid":{"rendered":"https:\/\/ambsantodomingo.esteri.it\/diplomazia-culturale\/lingua-e-cultura-italiana\/"},"modified":"2025-04-04T11:36:30","modified_gmt":"2025-04-04T15:36:30","slug":"lingua-e-cultura-italiana","status":"publish","type":"page","link":"https:\/\/ambsantodomingo.esteri.it\/es\/italia-e-repubblica-dominicana\/diplomazia-culturale\/lingua-e-cultura-italiana\/","title":{"rendered":"Lengua y Cultura italiana"},"content":{"rendered":"<p style=\"text-align: right;\">(act. 07\/11\/2024)<\/p>\n<p><strong>Listado de Universidad y centros donde se imparte italiano.<\/strong><\/p>\n<hr \/>\n<p><strong>SANTO DOMINGO<\/strong><\/p>\n<ul>\n<li><strong>UNAPEC<\/strong><\/li>\n<\/ul>\n<p>Ave. M\u00e1ximo G\u00f3mez 72 &#8211; info@unapec.edu.do &#8211; Telf. (809) 686-0021 \/ WhatsApp: (829) 292-3912<\/p>\n<ul>\n<li><strong>INTEC<\/strong><\/li>\n<\/ul>\n<p>Ave. Los Pr\u00f3ceres 49, Los Jardines del Norte 10602 &#8211; servicio@intec.edu.do; centro.idiomas@intec.edu.do &#8211; Telf. (809) 567-9271 ext. 327 \/ WhatsApp: (809) 567-9271<\/p>\n<ul>\n<li><strong>UASD<\/strong><\/li>\n<\/ul>\n<p>Ave. Alma Mater, Ciudad Universitaria &#8211; info@uasd.edu.do; escidiomas@uasd.edu.do &#8211; Tel. (809) 529-3562 \/ (809) 339-4171<\/p>\n<ul>\n<li><strong>UNIBE<\/strong><\/li>\n<\/ul>\n<p>Ave. Francia 129 &#8211; admisiones@unibe.edu.do &#8211; Tel. (809) 689-4111<\/p>\n<ul>\n<li><strong>Academia Europea<\/strong><\/li>\n<\/ul>\n<p>Calle Prol Gracita Alvarez 18, Naco &#8211; acadeuropea@gmail.com &#8211; Tel. (809) 304-0896 \/ (809) 227-3766<\/p>\n<ul>\n<li><strong>Academia de Lenguas de Santo Domingo<\/strong><\/li>\n<\/ul>\n<p>Calle Luis F. Thomen 78 &#8211; info@adl.do &#8211; Tel. (809) 363-4147 \/ (849) 410-4324 \/ (849) 410-4319<\/p>\n<ul>\n<li><strong>Centro Cultural Rafael Sanzio<\/strong><\/li>\n<\/ul>\n<p>Calle Hostos 354, Zona Colonial &#8211; aci.raffaellosanzio@gmail.com; segreteria@acirsanzio.org- Tel. (849) 917-9999 \/ (849) 635-3888<\/p>\n<hr \/>\n<p><strong>SANTIAGO DE LOS CABALLEROS<\/strong><\/p>\n<ul>\n<li><strong>Escuela, Centro de Lengua y Cultura Italiana (UTESA)<\/strong><\/li>\n<\/ul>\n<p>lascuola@gmail.com- Tel. (809) 222-3426 \/ (809) 757-1158<\/p>\n<hr \/>\n<p><strong>SAN PEDRO DE MACOR\u00cdS<\/strong><\/p>\n<ul>\n<li><strong>UCE<\/strong><\/li>\n<\/ul>\n<p>Ave. Francisco Alberto Caama\u00f1o De\u00f1\u00f3, San Pedro de Macor\u00eds &#8211; admisiones@uce.edu.do- Tel.(809) 529-3562 \/ (809) 339-4171<\/p>\n<hr \/>\n<p>(act. 13\/10\/2023)<br \/>\n<strong>XXIII Semana de la Lengua Italiana en el Mundo (16-22 de octubre de 2023)<\/strong><br \/>\nCon ocasi\u00f3n de la XXIII Semana de la Lengua Italiana en el Mundo (16-22 de octubre de 2023), la Accademia della Crusca ha preparado un libro dedicado al tema de la Semana: \u00abItaliano y sostenibilidad\u00bb. Los lectores y estudiosos podr\u00e1n adquirir el contenido del libro en las plataformas de cada pa\u00eds en un formato adecuado a su dispositivo. El libro electr\u00f3nico se distribuir\u00e1 gratuitamente durante la Settimana della Lingua Italiana nel Mondo (16-22 de octubre de 2023), en el siguiente enlace: https:\/\/www.goware-apps.com\/litaliano-la-sostenibilita-marco-biffi-maria-vittoria-dellanna-riccardo-gualdo-cura\/<\/p>\n<p><strong>XXII Semana de la Lengua Italiana en el Mundo (17-23 de octubre de 2022)<\/strong><br \/>\nCon ocasi\u00f3n de la XXII Semana de la Lengua Italiana en el Mundo (17-23 de octubre de 2022), L&#8217;Accademia della Crusca publica y difunde gratuitamente en formato electr\u00f3nico el libro L&#8217;italiano e i giovani. \u00bfPerdone? Non ti followo, publicado en colaboraci\u00f3n con goWare y editado por la acad\u00e9mica Annalisa Nesi.<br \/>\nEn l\u00ednea con la proclamaci\u00f3n por parte de la Comunidad Europea de 2022 como \u00abA\u00f1o Europeo de los J\u00f3venes\u00bb, la XXII edici\u00f3n de SLIM est\u00e1 dedicada a L&#8217;italiano e i giovani. Bajo el mismo t\u00edtulo se presenta esta colecci\u00f3n de ensayos que, desde distintos \u00e1ngulos, aborda tanto el tema de la lengua de los j\u00f3venes como el de la lengua de los textos destinados a los j\u00f3venes. Ling\u00fcistas ya conocidos por sus estudios sobre la lengua de los j\u00f3venes, sobre la lengua de los j\u00f3venes y sobre la lengua y la literatura italianas, as\u00ed como j\u00f3venes estudiosos, inmersos por razones incluso de edad, en el uso contempor\u00e1neo de la lengua, han contribuido a hacer variado el volumen, haciendo balance de la lengua de los j\u00f3venes y aportando ideas e instrumentos para la ense\u00f1anza del italiano.<br \/>\nEl volumen, realizado tanto en formato electr\u00f3nico como impreso, se distribuye desde el inicio de SLIM en librer\u00edas y en los canales digitales m\u00e1s importantes. El libro electr\u00f3nico se distribuir\u00e1 gratuitamente durante la Semana de la Lengua Italiana en el Mundo (17 &#8211; 23 de octubre de 2022) y s\u00f3lo despu\u00e9s previo pago.<\/p>\n<p>El libro puede descargarse en: https:\/\/www.goware-apps.it\/free\/free_pub\/italiano_giovani_crusca_2022.pdf<\/p>\n","protected":false},"excerpt":{"rendered":"(act. 07\/11\/2024) Listado de Universidad y centros donde se imparte italiano. SANTO DOMINGO UNAPEC Ave. M\u00e1ximo G\u00f3mez 72 &#8211; info@unapec.edu.do &#8211; Telf. (809) 686-0021 \/ WhatsApp: (829) 292-3912 INTEC Ave. Los Pr\u00f3ceres 49, Los Jardines del Norte 10602 &#8211; servicio@intec.edu.do; centro.idiomas@intec.edu.do &#8211; Telf. (809) 567-9271 ext. 327 \/ WhatsApp: (809) 567-9271 UASD Ave. Alma Mater, [&hellip;]","protected":false},"author":1,"featured_media":0,"parent":154,"menu_order":0,"comment_status":"closed","ping_status":"closed","template":"","meta":{"footnotes":""},"class_list":["post-155","page","type-page","status-publish","hentry"],"_links":{"self":[{"href":"https:\/\/ambsantodomingo.esteri.it\/es\/wp-json\/wp\/v2\/pages\/155","targetHints":{"allow":["GET"]}}],"collection":[{"href":"https:\/\/ambsantodomingo.esteri.it\/es\/wp-json\/wp\/v2\/pages"}],"about":[{"href":"https:\/\/ambsantodomingo.esteri.it\/es\/wp-json\/wp\/v2\/types\/page"}],"author":[{"embeddable":true,"href":"https:\/\/ambsantodomingo.esteri.it\/es\/wp-json\/wp\/v2\/users\/1"}],"replies":[{"embeddable":true,"href":"https:\/\/ambsantodomingo.esteri.it\/es\/wp-json\/wp\/v2\/comments?post=155"}],"version-history":[{"count":6,"href":"https:\/\/ambsantodomingo.esteri.it\/es\/wp-json\/wp\/v2\/pages\/155\/revisions"}],"predecessor-version":[{"id":4548,"href":"https:\/\/ambsantodomingo.esteri.it\/es\/wp-json\/wp\/v2\/pages\/155\/revisions\/4548"}],"up":[{"embeddable":true,"href":"https:\/\/ambsantodomingo.esteri.it\/es\/wp-json\/wp\/v2\/pages\/154"}],"wp:attachment":[{"href":"https:\/\/ambsantodomingo.esteri.it\/es\/wp-json\/wp\/v2\/media?parent=155"}],"curies":[{"name":"wp","href":"https:\/\/api.w.org\/{rel}","templated":true}]}}

<p style="text-align: right;">(act. 07/11/2024)</p>
<p><strong>Listado de Universidad y centros donde se imparte italiano.</strong></p>
<hr />
<p><strong>SANTO DOMINGO</strong></p>
<ul>
<li><strong>UNAPEC</strong></li>
</ul>
<p>Ave. Máximo Gómez 72 &#8211; info@unapec.edu.do &#8211; Telf. (809) 686-0021 / WhatsApp: (829) 292-3912</p>
<ul>
<li><strong>INTEC</strong></li>
</ul>
<p>Ave. Los Próceres 49, Los Jardines del Norte 10602 &#8211; servicio@intec.edu.do; centro.idiomas@intec.edu.do &#8211; Telf. (809) 567-9271 ext. 327 / WhatsApp: (809) 567-9271</p>
<ul>
<li><strong>UASD</strong></li>
</ul>
<p>Ave. Alma Mater, Ciudad Universitaria &#8211; info@uasd.edu.do; escidiomas@uasd.edu.do &#8211; Tel. (809) 529-3562 / (809) 339-4171</p>
<ul>
<li><strong>UNIBE</strong></li>
</ul>
<p>Ave. Francia 129 &#8211; admisiones@unibe.edu.do &#8211; Tel. (809) 689-4111</p>
<ul>
<li><strong>Academia Europea</strong></li>
</ul>
<p>Calle Prol Gracita Alvarez 18, Naco &#8211; acadeuropea@gmail.com &#8211; Tel. (809) 304-0896 / (809) 227-3766</p>
<ul>
<li><strong>Academia de Lenguas de Santo Domingo</strong></li>
</ul>
<p>Calle Luis F. Thomen 78 &#8211; info@adl.do &#8211; Tel. (809) 363-4147 / (849) 410-4324 / (849) 410-4319</p>
<ul>
<li><strong>Centro Cultural Rafael Sanzio</strong></li>
</ul>
<p>Calle Hostos 354, Zona Colonial &#8211; aci.raffaellosanzio@gmail.com; segreteria@acirsanzio.org- Tel. (849) 917-9999 / (849) 635-3888</p>
<hr />
<p><strong>SANTIAGO DE LOS CABALLEROS</strong></p>
<ul>
<li><strong>Escuela, Centro de Lengua y Cultura Italiana (UTESA)</strong></li>
</ul>
<p>lascuola@gmail.com- Tel. (809) 222-3426 / (809) 757-1158</p>
<hr />
<p><strong>SAN PEDRO DE MACORÍS</strong></p>
<ul>
<li><strong>UCE</strong></li>
</ul>
<p>Ave. Francisco Alberto Caamaño Deñó, San Pedro de Macorís &#8211; admisiones@uce.edu.do- Tel.(809) 529-3562 / (809) 339-4171</p>
<hr />
<p>(act. 13/10/2023)<br />
<strong>XXIII Semana de la Lengua Italiana en el Mundo (16-22 de octubre de 2023)</strong><br />
Con ocasión de la XXIII Semana de la Lengua Italiana en el Mundo (16-22 de octubre de 2023), la Accademia della Crusca ha preparado un libro dedicado al tema de la Semana: «Italiano y sostenibilidad». Los lectores y estudiosos podrán adquirir el contenido del libro en las plataformas de cada país en un formato adecuado a su dispositivo. El libro electrónico se distribuirá gratuitamente durante la Settimana della Lingua Italiana nel Mondo (16-22 de octubre de 2023), en el siguiente enlace: https://www.goware-apps.com/litaliano-la-sostenibilita-marco-biffi-maria-vittoria-dellanna-riccardo-gualdo-cura/</p>
<p><strong>XXII Semana de la Lengua Italiana en el Mundo (17-23 de octubre de 2022)</strong><br />
Con ocasión de la XXII Semana de la Lengua Italiana en el Mundo (17-23 de octubre de 2022), L&#8217;Accademia della Crusca publica y difunde gratuitamente en formato electrónico el libro L&#8217;italiano e i giovani. ¿Perdone? Non ti followo, publicado en colaboración con goWare y editado por la académica Annalisa Nesi.<br />
En línea con la proclamación por parte de la Comunidad Europea de 2022 como «Año Europeo de los Jóvenes», la XXII edición de SLIM está dedicada a L&#8217;italiano e i giovani. Bajo el mismo título se presenta esta colección de ensayos que, desde distintos ángulos, aborda tanto el tema de la lengua de los jóvenes como el de la lengua de los textos destinados a los jóvenes. Lingüistas ya conocidos por sus estudios sobre la lengua de los jóvenes, sobre la lengua de los jóvenes y sobre la lengua y la literatura italianas, así como jóvenes estudiosos, inmersos por razones incluso de edad, en el uso contemporáneo de la lengua, han contribuido a hacer variado el volumen, haciendo balance de la lengua de los jóvenes y aportando ideas e instrumentos para la enseñanza del italiano.<br />
El volumen, realizado tanto en formato electrónico como impreso, se distribuye desde el inicio de SLIM en librerías y en los canales digitales más importantes. El libro electrónico se distribuirá gratuitamente durante la Semana de la Lengua Italiana en el Mundo (17 &#8211; 23 de octubre de 2022) y sólo después previo pago.</p>
<p>El libro puede descargarse en: https://www.goware-apps.it/free/free_pub/italiano_giovani_crusca_2022.pdf</p>

(act. 07/11/2024) Listado de Universidad y centros donde se imparte italiano. SANTO DOMINGO UNAPEC Ave. Máximo Gómez 72 &#8211; info@unapec.edu.do &#8211; Telf. (809) 686-0021 / WhatsApp: (829) 292-3912 INTEC Ave. Los Próceres 49, Los Jardines del Norte 10602 &#8211; servicio@intec.edu.do; centro.idiomas@intec.edu.do &#8211; Telf. (809) 567-9271 ext. 327 / WhatsApp: (809) 567-9271 UASD Ave. Alma Mater, [&hellip;]
