{"id":101,"date":"2023-04-11T18:24:57","date_gmt":"2023-04-11T16:24:57","guid":{"rendered":"https:\/\/ambasciatapraga.esteri.it\/?page_id=101"},"modified":"2025-04-04T11:38:21","modified_gmt":"2025-04-04T15:38:21","slug":"lingua-e-cultura-italiana","status":"publish","type":"page","link":"https:\/\/ambsantodomingo.esteri.it\/it\/italia-e-repubblica-dominicana\/diplomazia-culturale\/lingua-e-cultura-italiana\/","title":{"rendered":"Lingua e Cultura italiana"},"content":{"rendered":"<p style=\"text-align: right;\"><em>(agg. 07\/11\/2024)<\/em><\/p>\n<p><strong>Lista delle Universit\u00e0 e dei centri dove si insegna l&#8217;italiano.\u00a0<\/strong><\/p>\n<hr \/>\n<p><strong>SANTO DOMINGO<\/strong><\/p>\n<ul>\n<li><strong>UNAPEC<\/strong><\/li>\n<\/ul>\n<p>Ave. M\u00e1ximo G\u00f3mez 72 &#8211; <a href=\"mailto:info@unapec.edu.do\">info@unapec.edu.do<\/a> &#8211; Telf. (809) 686-0021 \/ WhatsApp: (829) 292-3912<\/p>\n<ul>\n<li><strong>INTEC<\/strong><\/li>\n<\/ul>\n<p>Ave. Los Pr\u00f3ceres 49, Los Jardines del Norte 10602 &#8211; <a href=\"mailto:servicio@intec.edu.do\">servicio@intec.edu.do<\/a>; <a href=\"mailto:centro.idiomas@intec.edu.do\">centro.idiomas@intec.edu.do<\/a> &#8211; Tel. (809) 567-9271 ext. 327 \/ WhatsApp: (809) 567-9271<\/p>\n<ul>\n<li><strong>UASD<\/strong><\/li>\n<\/ul>\n<p>Ave. Alma Mater, Ciudad Universitaria &#8211; <a href=\"mailto:info@uasd.edu.do\">info@uasd.edu.do<\/a>;\u00a0 <a href=\"mailto:escidiomas@uasd.edu.do\">escidiomas@uasd.edu.do<\/a> &#8211; Tel. (809) 529-3562 \/ (809) 339-4171<\/p>\n<ul>\n<li><strong>UNIBE<\/strong><\/li>\n<\/ul>\n<p>Ave. Francia 129 &#8211; <a href=\"mailto:admisiones@unibe.edu.do\">admisiones@unibe.edu.do\u00a0<\/a>&#8211; Tel. (809) 689-4111<\/p>\n<ul>\n<li><strong>Academia Europea<\/strong><\/li>\n<\/ul>\n<p>Calle Prol Gracita Alvarez 18, Naco &#8211;\u00a0<a href=\"mailto:acadeuropea@gmail.com\">acadeuropea@gmail.com &#8211;\u00a0<\/a>Tel. (809) 304-0896 \/ (809) 227-3766<\/p>\n<ul>\n<li><strong>Academia de Lenguas de Santo Domingo<\/strong><\/li>\n<\/ul>\n<p>Calle Luis F. Thomen 78 &#8211; <a href=\"mailto:info@adl.do\">info@adl.do<\/a> &#8211; Tel. (809) 363-4147 \/ (849) 410-4324 \/ (849) 410-4319<\/p>\n<ul>\n<li><strong>Culturale Raffaello Sanzio<\/strong><\/li>\n<\/ul>\n<p>Calle Hostos 354, Zona Colonial &#8211; <a href=\"mailto:aci.raffaellosanzio@gmail.com\">aci.raffaellosanzio@gmail.com<\/a>; <a href=\"mailto:segreteria@acirsanzio.org\">segreteria@acirsanzio.org-\u00a0<\/a>Tel. (849) 917-9999 \/ (849) 635-3888<\/p>\n<hr \/>\n<p><strong>SANTIAGO DE LOS CABALLEROS<\/strong><\/p>\n<ul>\n<li><strong>La Scuola, Centro di Lingua e Cultura italiana (UTESA)<\/strong><\/li>\n<\/ul>\n<p><a href=\"mailto:lascuola@gmail.com\">lascuola@gmail.com-\u00a0 <\/a>Tel. (809) 222-3426 \/ (809) 757-1158<\/p>\n<hr \/>\n<p><strong>SAN PEDRO DE MACORIS<\/strong><\/p>\n<ul>\n<li><strong>UCE<\/strong><\/li>\n<\/ul>\n<p>Ave. Francisco Alberto Caama\u00f1o De\u00f1\u00f3, San Pedro de Macor\u00eds &#8211; <a href=\"mailto:admisiones@uce.edu.do\">admisiones@uce.edu.do-\u00a0<\/a> Tel.(809) 529-3562 \/ (809) 339-4171<\/p>\n<hr \/>\n<p><em>(agg. 13\/10\/2023)<\/em><\/p>\n<p><strong>XXIII Settimana della lingua italiana nel mondo (16-22 ottobre 2023)<\/strong><\/p>\n<p>In occasione della Ventitreesima Settimana della lingua italiana nel mondo (16-22 ottobre 2023), l&#8217;Accademia della Crusca\u00a0ha predisposto un volume dedicato al tema della Settimana: &#8220;L&#8217;italiano e la sostenibilit\u00e0&#8221;. I lettori e gli studiosi potranno acquisire dalle piattaforme presenti in ogni Paese il contenuto del libro in un formato adatto al proprio dispositivo. La distribuzione dell&#8217;e-book sar\u00e0 gratuita durante la Settimana della Lingua Italiana nel Mondo (16-22 ottobre 2023), al seguente link:\u00a0<a href=\"https:\/\/www.goware-apps.com\/litaliano-la-sostenibilita-marco-biffi-maria-vittoria-dellanna-riccardo-gualdo-cura\/\" target=\"_blank\" rel=\"noopener\">https:\/\/www.goware-apps.com\/litaliano-la-sostenibilita-marco-biffi-maria-vittoria-dellanna-riccardo-gualdo-cura\/\u00a0<\/a><\/p>\n<p>&nbsp;<\/p>\n<p><strong>XXII Settimana della lingua italiana nel mondo (17-23 ottobre 2022)<\/strong><\/p>\n<p>In occasione della Ventiduesima Settimana della lingua italiana nel mondo (17-23 ottobre 2022), L&#8217;Accademia della Crusca pubblica e diffonde gratuitamente in formato elettronico il libro L\u2019italiano e i giovani. Come scusa? Non ti followo, edito in collaborazione con goWare e curato dall&#8217;accademica Annalisa Nesi.<\/p>\n<p>In linea con la proclamazione da parte della Comunit\u00e0 Europea del 2022 &#8220;Anno Europeo dei Giovani&#8221;, la XXII edizione della SLIM \u00e8 dedicata a L\u2019italiano e i giovani. Con lo stesso titolo esce questa raccolta di saggi che, da angolature diverse, affronta sia il tema del linguaggio dei giovani, sia quello della lingua dei testi destinati ai giovani. Linguisti gi\u00e0 noti per i loro studi sul linguaggio giovanile, sulla lingua e la letteratura italiana, e giovani studiosi, immersi per motivi anche anagrafici nella contemporaneit\u00e0 degli usi linguistici, hanno contribuito a rendere il volume variegato, facendo il punto sul linguaggio giovanile e fornendo spunti e strumenti per l\u2019insegnamento dell\u2019italiano.<\/p>\n<p>Il volume, realizzato sia in formato elettronico che a stampa, \u00e8 distribuito a partire dall&#8217;inizio della SLIM nelle librerie e nei pi\u00f9 importanti canali digitali. La distribuzione dell\u2019e-book sar\u00e0 gratuita durante la Settimana della Lingua Italiana nel Mondo (17 &#8211; 23 ottobre 2022) e solo in seguito a pagamento.<\/p>\n<p>Il libro \u00e8 scaricabile collegandosi all\u2019indirizzo:\u00a0<a href=\"https:\/\/www.goware-apps.it\/free\/free_pub\/italiano_giovani_crusca_2022.pdf\" target=\"_blank\" rel=\"noopener\">https:\/\/www.goware-apps.it\/free\/free_pub\/italiano_giovani_crusca_2022.pdf<\/a><\/p>\n","protected":false},"excerpt":{"rendered":"(agg. 07\/11\/2024) Lista delle Universit\u00e0 e dei centri dove si insegna l&#8217;italiano.\u00a0 SANTO DOMINGO UNAPEC Ave. M\u00e1ximo G\u00f3mez 72 &#8211; info@unapec.edu.do &#8211; Telf. (809) 686-0021 \/ WhatsApp: (829) 292-3912 INTEC Ave. Los Pr\u00f3ceres 49, Los Jardines del Norte 10602 &#8211; servicio@intec.edu.do; centro.idiomas@intec.edu.do &#8211; Tel. (809) 567-9271 ext. 327 \/ WhatsApp: (809) 567-9271 UASD Ave. Alma [&hellip;]","protected":false},"author":1,"featured_media":0,"parent":44,"menu_order":0,"comment_status":"closed","ping_status":"closed","template":"","meta":{"footnotes":""},"class_list":["post-101","page","type-page","status-publish","hentry"],"_links":{"self":[{"href":"https:\/\/ambsantodomingo.esteri.it\/it\/wp-json\/wp\/v2\/pages\/101","targetHints":{"allow":["GET"]}}],"collection":[{"href":"https:\/\/ambsantodomingo.esteri.it\/it\/wp-json\/wp\/v2\/pages"}],"about":[{"href":"https:\/\/ambsantodomingo.esteri.it\/it\/wp-json\/wp\/v2\/types\/page"}],"author":[{"embeddable":true,"href":"https:\/\/ambsantodomingo.esteri.it\/it\/wp-json\/wp\/v2\/users\/1"}],"replies":[{"embeddable":true,"href":"https:\/\/ambsantodomingo.esteri.it\/it\/wp-json\/wp\/v2\/comments?post=101"}],"version-history":[{"count":6,"href":"https:\/\/ambsantodomingo.esteri.it\/it\/wp-json\/wp\/v2\/pages\/101\/revisions"}],"predecessor-version":[{"id":4551,"href":"https:\/\/ambsantodomingo.esteri.it\/it\/wp-json\/wp\/v2\/pages\/101\/revisions\/4551"}],"up":[{"embeddable":true,"href":"https:\/\/ambsantodomingo.esteri.it\/it\/wp-json\/wp\/v2\/pages\/44"}],"wp:attachment":[{"href":"https:\/\/ambsantodomingo.esteri.it\/it\/wp-json\/wp\/v2\/media?parent=101"}],"curies":[{"name":"wp","href":"https:\/\/api.w.org\/{rel}","templated":true}]}}

<p style="text-align: right;"><em>(agg. 07/11/2024)</em></p>
<p><strong>Lista delle Università e dei centri dove si insegna l&#8217;italiano. </strong></p>
<hr />
<p><strong>SANTO DOMINGO</strong></p>
<ul>
<li><strong>UNAPEC</strong></li>
</ul>
<p>Ave. Máximo Gómez 72 &#8211; <a href="mailto:info@unapec.edu.do">info@unapec.edu.do</a> &#8211; Telf. (809) 686-0021 / WhatsApp: (829) 292-3912</p>
<ul>
<li><strong>INTEC</strong></li>
</ul>
<p>Ave. Los Próceres 49, Los Jardines del Norte 10602 &#8211; <a href="mailto:servicio@intec.edu.do">servicio@intec.edu.do</a>; <a href="mailto:centro.idiomas@intec.edu.do">centro.idiomas@intec.edu.do</a> &#8211; Tel. (809) 567-9271 ext. 327 / WhatsApp: (809) 567-9271</p>
<ul>
<li><strong>UASD</strong></li>
</ul>
<p>Ave. Alma Mater, Ciudad Universitaria &#8211; <a href="mailto:info@uasd.edu.do">info@uasd.edu.do</a>;  <a href="mailto:escidiomas@uasd.edu.do">escidiomas@uasd.edu.do</a> &#8211; Tel. (809) 529-3562 / (809) 339-4171</p>
<ul>
<li><strong>UNIBE</strong></li>
</ul>
<p>Ave. Francia 129 &#8211; <a href="mailto:admisiones@unibe.edu.do">admisiones@unibe.edu.do </a>&#8211; Tel. (809) 689-4111</p>
<ul>
<li><strong>Academia Europea</strong></li>
</ul>
<p>Calle Prol Gracita Alvarez 18, Naco &#8211; <a href="mailto:acadeuropea@gmail.com">acadeuropea@gmail.com &#8211; </a>Tel. (809) 304-0896 / (809) 227-3766</p>
<ul>
<li><strong>Academia de Lenguas de Santo Domingo</strong></li>
</ul>
<p>Calle Luis F. Thomen 78 &#8211; <a href="mailto:info@adl.do">info@adl.do</a> &#8211; Tel. (809) 363-4147 / (849) 410-4324 / (849) 410-4319</p>
<ul>
<li><strong>Culturale Raffaello Sanzio</strong></li>
</ul>
<p>Calle Hostos 354, Zona Colonial &#8211; <a href="mailto:aci.raffaellosanzio@gmail.com">aci.raffaellosanzio@gmail.com</a>; <a href="mailto:segreteria@acirsanzio.org">segreteria@acirsanzio.org- </a>Tel. (849) 917-9999 / (849) 635-3888</p>
<hr />
<p><strong>SANTIAGO DE LOS CABALLEROS</strong></p>
<ul>
<li><strong>La Scuola, Centro di Lingua e Cultura italiana (UTESA)</strong></li>
</ul>
<p><a href="mailto:lascuola@gmail.com">lascuola@gmail.com-  </a>Tel. (809) 222-3426 / (809) 757-1158</p>
<hr />
<p><strong>SAN PEDRO DE MACORIS</strong></p>
<ul>
<li><strong>UCE</strong></li>
</ul>
<p>Ave. Francisco Alberto Caamaño Deñó, San Pedro de Macorís &#8211; <a href="mailto:admisiones@uce.edu.do">admisiones@uce.edu.do- </a> Tel.(809) 529-3562 / (809) 339-4171</p>
<hr />
<p><em>(agg. 13/10/2023)</em></p>
<p><strong>XXIII Settimana della lingua italiana nel mondo (16-22 ottobre 2023)</strong></p>
<p>In occasione della Ventitreesima Settimana della lingua italiana nel mondo (16-22 ottobre 2023), l&#8217;Accademia della Crusca ha predisposto un volume dedicato al tema della Settimana: &#8220;L&#8217;italiano e la sostenibilità&#8221;. I lettori e gli studiosi potranno acquisire dalle piattaforme presenti in ogni Paese il contenuto del libro in un formato adatto al proprio dispositivo. La distribuzione dell&#8217;e-book sarà gratuita durante la Settimana della Lingua Italiana nel Mondo (16-22 ottobre 2023), al seguente link: <a href="https://www.goware-apps.com/litaliano-la-sostenibilita-marco-biffi-maria-vittoria-dellanna-riccardo-gualdo-cura/" target="_blank" rel="noopener">https://www.goware-apps.com/litaliano-la-sostenibilita-marco-biffi-maria-vittoria-dellanna-riccardo-gualdo-cura/ </a></p>
<p>&nbsp;</p>
<p><strong>XXII Settimana della lingua italiana nel mondo (17-23 ottobre 2022)</strong></p>
<p>In occasione della Ventiduesima Settimana della lingua italiana nel mondo (17-23 ottobre 2022), L&#8217;Accademia della Crusca pubblica e diffonde gratuitamente in formato elettronico il libro L’italiano e i giovani. Come scusa? Non ti followo, edito in collaborazione con goWare e curato dall&#8217;accademica Annalisa Nesi.</p>
<p>In linea con la proclamazione da parte della Comunità Europea del 2022 &#8220;Anno Europeo dei Giovani&#8221;, la XXII edizione della SLIM è dedicata a L’italiano e i giovani. Con lo stesso titolo esce questa raccolta di saggi che, da angolature diverse, affronta sia il tema del linguaggio dei giovani, sia quello della lingua dei testi destinati ai giovani. Linguisti già noti per i loro studi sul linguaggio giovanile, sulla lingua e la letteratura italiana, e giovani studiosi, immersi per motivi anche anagrafici nella contemporaneità degli usi linguistici, hanno contribuito a rendere il volume variegato, facendo il punto sul linguaggio giovanile e fornendo spunti e strumenti per l’insegnamento dell’italiano.</p>
<p>Il volume, realizzato sia in formato elettronico che a stampa, è distribuito a partire dall&#8217;inizio della SLIM nelle librerie e nei più importanti canali digitali. La distribuzione dell’e-book sarà gratuita durante la Settimana della Lingua Italiana nel Mondo (17 &#8211; 23 ottobre 2022) e solo in seguito a pagamento.</p>
<p>Il libro è scaricabile collegandosi all’indirizzo: <a href="https://www.goware-apps.it/free/free_pub/italiano_giovani_crusca_2022.pdf" target="_blank" rel="noopener">https://www.goware-apps.it/free/free_pub/italiano_giovani_crusca_2022.pdf</a></p>

(agg. 07/11/2024) Lista delle Università e dei centri dove si insegna l&#8217;italiano.  SANTO DOMINGO UNAPEC Ave. Máximo Gómez 72 &#8211; info@unapec.edu.do &#8211; Telf. (809) 686-0021 / WhatsApp: (829) 292-3912 INTEC Ave. Los Próceres 49, Los Jardines del Norte 10602 &#8211; servicio@intec.edu.do; centro.idiomas@intec.edu.do &#8211; Tel. (809) 567-9271 ext. 327 / WhatsApp: (809) 567-9271 UASD Ave. Alma [&hellip;]
